{"id":11550,"date":"2026-01-04T00:29:35","date_gmt":"2026-01-03T23:29:35","guid":{"rendered":"https:\/\/jorgepsicologo.com\/jorgetienda\/?post_type=product&#038;p=11550"},"modified":"2026-01-04T00:32:29","modified_gmt":"2026-01-03T23:32:29","slug":"certificados-psi","status":"publish","type":"product","link":"https:\/\/jorgepsicologo.com\/jorgetienda\/product\/certificados-psi\/","title":{"rendered":"Certificados Psicol\u00f3gicos Cl\u00ednico-Legales &#8211; Documentos Oficiales, \u00c9ticos y con respaldo profesional"},"content":{"rendered":"","protected":false},"excerpt":{"rendered":"<p>Este servicio est\u00e1 dirigido a personas que necesitan acreditar su estado psicol\u00f3gico o su proceso terap\u00e9utico mediante un certificado cl\u00ednico-legal v\u00e1lido, elaborado bajo criterios \u00e9ticos y profesionales.<\/p>\n","protected":false},"featured_media":11553,"comment_status":"closed","ping_status":"closed","template":"","meta":[],"product_brand":[],"product_cat":[37],"product_tag":[],"class_list":{"0":"post-11550","1":"product","2":"type-product","3":"status-publish","4":"has-post-thumbnail","6":"product_cat-servicios","8":"first","9":"instock","10":"shipping-taxable","11":"purchasable","12":"product-type-variable"},"_links":{"self":[{"href":"https:\/\/jorgepsicologo.com\/jorgetienda\/wp-json\/wp\/v2\/product\/11550","targetHints":{"allow":["GET"]}}],"collection":[{"href":"https:\/\/jorgepsicologo.com\/jorgetienda\/wp-json\/wp\/v2\/product"}],"about":[{"href":"https:\/\/jorgepsicologo.com\/jorgetienda\/wp-json\/wp\/v2\/types\/product"}],"replies":[{"embeddable":true,"href":"https:\/\/jorgepsicologo.com\/jorgetienda\/wp-json\/wp\/v2\/comments?post=11550"}],"version-history":[{"count":1,"href":"https:\/\/jorgepsicologo.com\/jorgetienda\/wp-json\/wp\/v2\/product\/11550\/revisions"}],"predecessor-version":[{"id":11554,"href":"https:\/\/jorgepsicologo.com\/jorgetienda\/wp-json\/wp\/v2\/product\/11550\/revisions\/11554"}],"wp:featuredmedia":[{"embeddable":true,"href":"https:\/\/jorgepsicologo.com\/jorgetienda\/wp-json\/wp\/v2\/media\/11553"}],"wp:attachment":[{"href":"https:\/\/jorgepsicologo.com\/jorgetienda\/wp-json\/wp\/v2\/media?parent=11550"}],"wp:term":[{"taxonomy":"product_brand","embeddable":true,"href":"https:\/\/jorgepsicologo.com\/jorgetienda\/wp-json\/wp\/v2\/product_brand?post=11550"},{"taxonomy":"product_cat","embeddable":true,"href":"https:\/\/jorgepsicologo.com\/jorgetienda\/wp-json\/wp\/v2\/product_cat?post=11550"},{"taxonomy":"product_tag","embeddable":true,"href":"https:\/\/jorgepsicologo.com\/jorgetienda\/wp-json\/wp\/v2\/product_tag?post=11550"}],"curies":[{"name":"wp","href":"https:\/\/api.w.org\/{rel}","templated":true}]}}