{"id":11524,"date":"2026-01-03T15:37:03","date_gmt":"2026-01-03T14:37:03","guid":{"rendered":"https:\/\/jorgepsicologo.com\/jorgetienda\/?post_type=product&#038;p=11524"},"modified":"2026-01-03T21:07:08","modified_gmt":"2026-01-03T20:07:08","slug":"psicoterapia","status":"publish","type":"product","link":"https:\/\/jorgepsicologo.com\/jorgetienda\/product\/psicoterapia\/","title":{"rendered":"Psicoterapia Individual"},"content":{"rendered":"","protected":false},"excerpt":{"rendered":"<p>Dar el paso hacia la terapia individual es un acto valiente hacia el autodescubrimiento y el bienestar emocional.<br \/>\n\u00bfEst\u00e1s listo\/a para comenzar este viaje?<\/p>\n<p>A trav\u00e9s de un enfoque personalizado, te acompa\u00f1o en procesos relacionados con: Trastornos de ansiedad y depresi\u00f3n, Conflictos emocionales o familiares, Crisis personales y toma de decisiones, Problemas de autoestima y autoconfianza, Dificultades en relaciones afectivas o laborales, Desarrollo personal y bienestar psicol\u00f3gico.<\/p>\n","protected":false},"featured_media":11525,"comment_status":"closed","ping_status":"closed","template":"","meta":[],"product_brand":[],"product_cat":[37],"product_tag":[],"class_list":{"0":"post-11524","1":"product","2":"type-product","3":"status-publish","4":"has-post-thumbnail","6":"product_cat-servicios","8":"first","9":"instock","10":"shipping-taxable","11":"purchasable","12":"product-type-variable"},"_links":{"self":[{"href":"https:\/\/jorgepsicologo.com\/jorgetienda\/wp-json\/wp\/v2\/product\/11524","targetHints":{"allow":["GET"]}}],"collection":[{"href":"https:\/\/jorgepsicologo.com\/jorgetienda\/wp-json\/wp\/v2\/product"}],"about":[{"href":"https:\/\/jorgepsicologo.com\/jorgetienda\/wp-json\/wp\/v2\/types\/product"}],"replies":[{"embeddable":true,"href":"https:\/\/jorgepsicologo.com\/jorgetienda\/wp-json\/wp\/v2\/comments?post=11524"}],"version-history":[{"count":2,"href":"https:\/\/jorgepsicologo.com\/jorgetienda\/wp-json\/wp\/v2\/product\/11524\/revisions"}],"predecessor-version":[{"id":11529,"href":"https:\/\/jorgepsicologo.com\/jorgetienda\/wp-json\/wp\/v2\/product\/11524\/revisions\/11529"}],"wp:featuredmedia":[{"embeddable":true,"href":"https:\/\/jorgepsicologo.com\/jorgetienda\/wp-json\/wp\/v2\/media\/11525"}],"wp:attachment":[{"href":"https:\/\/jorgepsicologo.com\/jorgetienda\/wp-json\/wp\/v2\/media?parent=11524"}],"wp:term":[{"taxonomy":"product_brand","embeddable":true,"href":"https:\/\/jorgepsicologo.com\/jorgetienda\/wp-json\/wp\/v2\/product_brand?post=11524"},{"taxonomy":"product_cat","embeddable":true,"href":"https:\/\/jorgepsicologo.com\/jorgetienda\/wp-json\/wp\/v2\/product_cat?post=11524"},{"taxonomy":"product_tag","embeddable":true,"href":"https:\/\/jorgepsicologo.com\/jorgetienda\/wp-json\/wp\/v2\/product_tag?post=11524"}],"curies":[{"name":"wp","href":"https:\/\/api.w.org\/{rel}","templated":true}]}}